remainder when 2720 is divided by 836?
212
Calculate the remainder when 106444 is divided by 21287.
9
What is the remainder when 31355 is divided by 26?
25
Calculate the remainder when 204434 is divided by 12774.
50
Calculate the remainder when 7289916 is divided by 27.
24
What is the remainder when 2468 is divided by 26?
24
Calculate the remainder when 25776 is divided by 1773.
954
Calculate the remainder when 17506 is divided by 548.
518
What is the remainder when 137309 is divided by 56?
53
What is the remainder when 2618 is divided by 435?
8
What is the remainder when 397 is divided by 15?
7
Calculate the remainder when 45030 is divided by 11148.
438
What is the remainder when 357943 is divided by 119298?
49
Calculate the remainder when 46623 is divided by 420.
3
Calculate the remainder when 7024 is divided by 2957.
1110
Calculate the remainder when 43276 is divided by 585.
571
What is the remainder when 394691 is divided by 137?
131
Calculate the remainder when 2042 is divided by 537.
431
What is the remainder when 4117 is divided by 48?
37
What is the remainder when 54189 is divided by 542?
531
What is the remainder when 24079 is divided by 12039?
1
Calculate the remainder when 114083 is divided by 52.
47
Calculate the remainder when 27855 is divided by 27840.
15
What is the remainder when 7061 is divided by 34?
23
Calculate the remainder when 1008 is divided by 875.
133
Calculate the remainder when 20733 is divided by 10335.
63
Calculate the remainder when 3132 is divided by 599.
137
What is the remainder when 647808 is divided by 16?
0
Calculate the remainder when 46126 is divided by 76.
70
What is the remainder when 789 is divided by 730?
59
Calculate the remainder when 35387 is divided by 198.
143
What is the remainder when 10675 is divided by 2665?
15
What is the remainder when 236797 is divided by 370?
367
Calculate the remainder when 5372 is divided by 51.
17
Calculate the remainder when 9837 is divided by 1402.
23
Calculate the remainder when 1598 is divided by 711.
176
Calculate the remainder when 7169 is divided by 1786.
25
What is the remainder when 25751 is divided by 326?
323
What is the remainder when 7419 is divided by 140?
139
Calculate the remainder when 438 is divided by 189.
60
What is the remainder when 94858 is divided by 372?
370
Calculate the remainder when 748 is divided by 188.
184
Calculate the remainder when 41785 is divided by 1669.
60
What is the remainder when 351 is divided by 22?
21
Calculate the remainder when 941969 is divided by 51.
50
What is the remainder when 64070 is divided by 7?
6
What is the remainder when 161 is divided by 56?
49
Calculate the remainder when 531782 is divided by 749.
741
Calculate the remainder when 33374 is divided by 8.
6
Calculate the remainder when 4276 is divided by 1066.
12
Calculate the remainder when 45454 is divided by 9070.
104
Calculate the remainder when 18070 is divided by 41.
30
Calculate the remainder when 27879 is divided by 39.
33
What is the remainder when 1331271 is divided by 203?
200
What is the remainder when 1255 is divided by 585?
85
Calculate the remainder when 148272 is divided by 178.
176
Calculate the remainder when 22692 is divided by 1747.
1728
What is the remainder when 208 is divided by 199?
9
Calculate the remainder when 7691 is divided by 2251.
938
Calculate the remainder when 54838 is divided by 54.
28
What is the remainder when 2627 is divided by 552?
419
Calculate the remainder when 528 is divided by 296.
232
What is the remainder when 1765690 is divided by 97?
96
What is the remainder when 6574 is divided by 2180?
34
What is the remainder when 111383 is divided by 306?
305
Calculate the remainder when 13075 is divided by 632.
435
Calculate the remainder when 10999 is divided by 2749.
3
Calculate the remainder when 24540 is divided by 53.
1
What is the remainder when 174155 is divided by 973?
961
What is the remainder when 51383 is divided by 412?
295
What is the remainder when 48322 is divided by 73?
69
What is the remainder when 2594 is divided by 455?
319
What is the remainder when 399983 is divided by 399971?
12
Calculate the remainder when 6018 is divided by 555.
468
What is the remainder when 118934 is divided by 1383?
1379
Calculate the remainder when 38552 is divided by 354.
320
What is the remainder when 37958 is divided by 13?
11
What is the remainder when 45792 is divided by 5086?
18
What is the remainder when 2475 is divided by 141?
78
What is the remainder when 69761 is divided by 326?
323
Calculate the remainder when 655 is divided by 291.
73
What is the remainder when 55775 is divided by 79?
1
What is the remainder when 77839 is divided by 323?
319
Calculate the remainder when 1415 is divided by 122.
73
Calculate the remainder when 11239 is divided by 374.
19
What is the remainder when 218687 is divided by 804?
803
Calculate the remainder when 111084 is divided by 197.
173
What is the remainder when 777256 is divided by 259084?
4
Calculate the remainder when 120948 is divided by 410.
408
What is the remainder when 602 is divided by 15?
2
What is the remainder when 619123 is divided by 11?
10
Calculate the remainder when 1016 is divided by 41.
32
Calculate the remainder when 10107 is divided by 36.
27
What is the remainder when 2311 is divided by 208?
23
Calculate the remainder when 274282 is divided by 14.
8
Calculate the remainder when 52720 is divided by 2104.
120
Calculate the remainder when 293054 is divided by 241.
239
What is the remainder when 108674 is divided by 11?
5
What is the remainder when 13743 is divided by 22?
15
Calculate the remainder when 6320 is divided by 2996.
328
What is the remainder when 250411 is divided by 250368?
43
What is the remainder when 15229 is divided by 46?
3
What is the remainder when 1078 is divided by 440?
198
Calculate the remainder when 7404 is divided by 462.
12
Calculate the remainder when 246642 is divided by 243.
240
What is the remainder when 15652 is divided by 1043?
7
What is the remainder when 8472 is divided by 848?
840
Calculate the remainder when 1440248 is divided by 547.
544
Calculate the remainder when 139128 is divided by 1739.
8
Calculate the remainder when 1546858 is divided by 35.
33
Calculate the remainder when 13569 is divided by 2226.
213
Calculate the remainder when 319 is divided by 211.
108
What is the remainder when 25271 is divided by 421?
11
What is the remainder when 124078 is divided by 40?
38
What is the remainder when 55344 is divided by 18379?
207
What is the remainder when 1015 is divided by 173?
150
Calculate the remainder when 23142 is divided by 7708.
18
What is the remainder when 107014 is divided by 56?
54
Calculate the remainder when 158421 is divided by 276.
273
Calculate the remainder when 35902 is divided by 8975.
2
Calculate the remainder when 4958 is divided by 12.
2
Calculate the remainder when 695486 is divided by 726.
704
Calculate the remainder when 5651 is divided by 5628.
23
What is the remainder when 27350 is divided by 49?
8
Calculate the remainder when 140839 is divided by 280.
279
What is the remainder when 37027 is divided by 3702?
7
Calculate the remainder when 4463 is divided by 621.
116
What is the remainder when 639 is divided by 211?
6
Calculate the remainder when 15041 is divided by 301.
292
Calculate the remainder when 1989957 is divided by 2760.
2757
What is the remainder when 211256 is divided by 510?
116
What is the remainder when 12320 is divided by 79?
75
Calculate the remainder when 17223 is divided by 2152.
7
What is the remainder when 313922 is divided by 725?
722
Calculate the remainder when 595940 is divided by 119188.
0
What is the remainder when 14392 is divided by 26?
14
Calculate the remainder when 14731 is divided by 2104.
3
What is the remainder when 8322 is divided by 551?
57
Calculate the remainder when 13703 is divided by 490.
473
Calculate the remainder when 8777 is divided by 2916.
29
What is the remainder when 138232 is divided by 155?
127
What is the remainder when 7938 is divided by 405?
243
What is the remainder when 12224 is divided by 489?
488
Calculate the remainder when 1258651 is divided by 24.
19
Calculate the remainder when 16688 is divided by 102.
62
Calculate the remainder when 14862 is